*c - 6. Calculate the highest common divisor of g and a.
8
Let p be (-3)/(-2) - (-136045)/46. Calculate the greatest common factor of p and 2152.
269
Suppose 0 = 234*c - 95196 - 190050. Calculate the highest common divisor of c and 207.
23
Let c(m) = -m**3 + 7*m**2 + 4*m + 6. Let z = 26 - 22. Suppose 4 = -z*k + 20. Let v be c(k). Calculate the greatest common factor of 10 and v.
10
Suppose -180 = g + 3*s + s, -3*s = 3. Let v = g + 204. Calculate the highest common factor of v and 112.
28
Suppose -q + 33 = -20. Let o = 58 - q. Let c = 1 + 4. What is the greatest common divisor of o and c?
5
Suppose 4177 - 1713 = 7*l. Suppose 4*c = -4*q + l, 5*q - c = -0*q + 452. Calculate the greatest common factor of q and 210.
30
Suppose 3*i - 7*k = -9*k + 71, 0 = 4*i + 5*k - 90. Let v be i - (-4 + -1 - 20/(-5)). Suppose 4*r = -59 + 995. Calculate the greatest common factor of r and v.
26
Let i be (0 - 152/3) + 2/(-6). Let z = -57 - i. Let s be (z/2)/(4/(896/(-12))). Calculate the highest common divisor of s and 7.
7
Let n be 46/6 + (-6)/9. Suppose -5*a + h = -13, 3*a - n = 7*a + 5*h. Let s be ((-7)/(-21))/(-3*(-9)/81). Calculate the greatest common divisor of a and s.
1
Suppose 32*v = 34*v - 3280. Suppose 1630 = -2*g + v. Let o be (3/((-6)/130))/(-1). Calculate the highest common divisor of o and g.
5
Let d(n) = -17*n + 63. Let z be d(7). Let m = 461 + z. Calculate the greatest common divisor of m and 15.
15
Let h be (26/(-4))/(7/42). Let d = h - -37. Let v be (-27)/d*10/15. What is the greatest common factor of 9 and v?
9
Let j = -21050 - -32450. What is the highest common divisor of 57 and j?
57
Let u be (-2)/(87/(-27) - -3). Suppose u*a - a - 336 = 0. Let f be (-6)/(-18) - (-628)/6. What is the highest common divisor of f and a?
21
Suppose 3*a - j - 4259 = -105, 4150 = 3*a + j. Calculate the greatest common factor of a and 40.
8
Suppose 3*a - 2*a + 9 = 3*n, 0 = -4*a - 4*n - 4. Let h = a - -7. What is the highest common divisor of h and 54?
2
Let t be ((-20)/5 - -1)*-7. Suppose -t + 1121 = b. Suppose 6*v = -5*v + b. Calculate the highest common divisor of 20 and v.
20
Let p(q) = q**2 + 7. Let s be p(5). Let k = 4429 + -4381. What is the highest common factor of s and k?
16
Let r be (8 - (-92)/(-10))/((-16)/1480). Calculate the highest common factor of 12099 and r.
111
Suppose 0 = w + 2*v - 1332, 1110*w + 5*v = 1108*w + 2660. What is the highest common factor of 70 and w?
10
Let p = 382 + -386. Let t be p - (2/2 + -9 + 3). Calculate the greatest common divisor of 4 and t.
1
Suppose 3*y = 0, 4*b + y = 81 + 847. Let s = -34 - 11. Let u = s + 74. Calculate the greatest common divisor of b and u.
29
Let h be -3 + 1 + (1 - -211). Let w(g) = -2*g**3 - 8*g**2 + 16*g + 134. Let m be w(-4). What is the greatest common divisor of h and m?
70
Suppose -4*m + 3*t = -797, 3*m = 2*t + 721 - 122. Calculate the greatest common divisor of m and 5945.
29
Let a = 331 - 682. Let s = 377 + a. What is the greatest common factor of s and 234?
26
Let f(q) = -20*q - 973. Let z be f(-68). Let t = 43 + 0. What is the greatest common divisor of z and t?
43
Suppose 0 = 5*k - 146 - 1394. Let f be k/14 + (0 - 4). What is the highest common divisor of f and 72?
18
Let o = 21 - 4. Let j(m) = -m**3 + 20*m**2 + 13*m + 28. Let w be j(21). Let n = w - -174. What is the highest common factor of o and n?
17
Let h be 102/3 + 2 - 66/22. Calculate the greatest common factor of 2409 and h.
33
Let u = -15 + 84. Let j = u + -56. What is the greatest common factor of j and 208?
13
Let k(m) = 61*m - 2993. Let v be k(58). What is the highest common factor of v and 981?
109
Let m be -19*(-3)/(-4 - -7). Suppose -m*c = 18 - 702. Calculate the greatest common factor of 81 and c.
9
Let x(h) = 131*h - 412. Let z be x(12). What is the highest common divisor of z and 80?
40
Let w = -40 - -35. Let u be (-4)/60*w + (-107)/(-3). Let o be (u - (-4)/(-4)) + 5. What is the highest common factor of o and 50?
10
Suppose 0 = -162*v + 52519 + 104945. What is the highest common factor of v and 180?
36
Let s be -6 + (9 - 2253)/(-6). Let w(c) = 2*c + 4. Let m be w(6). Calculate the greatest common divisor of m and s.
16
Let u be (144/(-120))/((-51)/19210). What is the highest common divisor of 226 and u?
226
Let c = -127 - -57. Let l = c + 70. Suppose -4*w - w + 720 = l. What is the highest common factor of w and 16?
16
Let a(c) = 133*c + 585. Let h be a(-4). Calculate the highest common divisor of 53 and h.
53
Let m = -2377 + 4995. Suppose -16*h = -5*h - m. Let x = h + -86. What is the greatest common factor of 19 and x?
19
Suppose 0 = 1608*q - 1622*q + 21420. Calculate the highest common factor of q and 360.
90
Let p be (-4)/12*(-41 + (4 - 5)). Suppose b + p*i - 49 = 9*i, -2*b + 5*i + 143 = 0. Calculate the greatest common factor of b and 832.
64
Let i(k) = 75*k - 1881. Let a be i(51). What is the greatest common factor of a and 48?
24
Let j(b) = b**3 - 4*b**2 + 3*b + 1. Let x be j(5). Let u(o) = -6392*o**2 + 38490*o - 8. Let f be u(6). Calculate the highest common divisor of f and x.
41
Suppose -121*c = -248*c + 8128. What is the greatest common factor of c and 5392?
16
Let q(v) = -27*v**2 + 1191*v - 21. Let p be q(21). Calculate the greatest common divisor of p and 178.
89
Let n(s) = 2*s**2 - 37*s + 170. Let w be n(7). What is the greatest common divisor of w and 28?
1
Suppose -47575 = -123*r + 68*r. Let p = r - 835. Suppose 4*v = 3*w + 30, -5*w - 36 = -4*v - 2. Calculate the highest common factor of v and p.
6
Let y(t) = 8*t**2 + 15*t - 3. Let p be y(-3). Let i = p - 10. What is the greatest common factor of i and 77?
7
Let j = -56 - -60. Suppose 4*g + j = 0, 2*n = -0*g + g + 91. Calculate the highest common factor of n and 36.
9
Let l be (8/(-50)*-55)/((-12)/(-1050)). Calculate the highest common divisor of l and 2618.
154
Let a(m) = 604*m**2 + 105*m + 210. Let t be a(-2). What is the highest common divisor of 16 and t?
16
Suppose -77*c + 60775 = -22*c. Calculate the greatest common divisor of c and 65.
65
Let b(a) = 15*a - 26. Let h = -6 + 12. Let z be b(h). Let x be 9/(4*4/z). Calculate the greatest common factor of x and 4.
4
Suppose 0 = 5*y - 3*j - 32364, y - 7589 = -5*j - 1105. Calculate the highest common divisor of 332 and y.
166
Suppose -380*o = -426*o + 460. Calculate the highest common divisor of o and 1280.
10
Let x = -5082 - -5092. What is the highest common factor of 3125 and x?
5
Suppose 23*g + 575 = 5*r + 18*g, 0 = 3*r + 4*g - 303. Calculate the greatest common factor of 3 and r.
1
Let h be 32/6*6/4. Suppose -10 = -5*r + 3*y, 0 = 2*y - 4 + 14. Let b be 225/125 - (r - 8/(-10)). Calculate the greatest common factor of b and h.
2
Let x(l) = 13*l**2 + 66*l - 69. Let s be x(-9). Calculate the highest common factor of s and 2210.
130
Let p be (2/(-3))/(104/(-5148)) - -3. Let m(c) = 4*c. Let w be m(3). Let q = 12 + w. What is the highest common factor of q and p?
12
Suppose -69 = -3*c - 0*g - 4*g, g + 54 = 4*c. Suppose -4*l - 8 = 8, 2*u + 3*l = 1578. Calculate the highest common factor of u and c.
15
Let q(t) = t**2 - 32*t - 65. Let k be q(29). Let s be ((-6 - -2) + 14/4)*k. What is the highest common factor of 114 and s?
38
Suppose 0 = 31*p - 871 + 127. Suppose p*k = 39*k - 2280. What is the greatest common divisor of k and 38?
38
Let s(p) = 25 + 19 + 9 - p. Let q be s(15). Let v = 73 + -35. What is the greatest common divisor of q and v?
38
Suppose -4*s + 16 = 0, -68 = 21*z - 23*z - 5*s. Calculate the greatest common factor of 632 and z.
8
Let m be 0*(7/(-35) - (-45)/100). Suppose m = 7*b + 34*b - 1517. Calculate the greatest common divisor of b and 1.
1
Let m = 341 + -555. Suppose 4*c - 447 = 3*q + 5*c, -3*q - 456 = 4*c. Let x = q - m. Calculate the greatest common divisor of x and 44.
22
Suppose -3*s + 15 = -3*z, 4*z - 27 = -s - 2. Let p = s + 60. Calculate the greatest common factor of 92 and p.
23
Suppose 0*h - 603 = -3*h + 5*t, 5*t = -15. Let p = h + -106. Let o be (-1 - -2 - -15)*440/704. Calculate the greatest common divisor of p and o.
10
Suppose 1 = -2*c + 31. Suppose 0 = -15*v + 56 + 19. Suppose 40*a = 43*a + v*k - 250, 4*a = -4*k + 320. What is the greatest common divisor of a and c?
15
Suppose -s - 5 = 0, -3*p + 448 = -30*s + 28*s. Suppose -5*i + 179 = -p. What is the highest common factor of 